{"id":51277,"date":"2022-05-20T18:42:57","date_gmt":"2022-05-20T17:42:57","guid":{"rendered":"https:\/\/pedrogomezmadrid.com\/producto\/chaleco-retro-rosa-denim-azul\/"},"modified":"2025-03-12T00:00:17","modified_gmt":"2025-03-11T23:00:17","slug":"retro-vest-pink-denim-blue","status":"publish","type":"product","link":"https:\/\/pedrogomezmadrid.com\/en\/tienda\/plumiferos\/retro-vest-pink-denim-blue\/","title":{"rendered":"Retro Vest Pink Denim Blue"},"content":{"rendered":"<p class=\"p1\">Manufactured 100% in Spain. Body 48% cotton and 52% polyester and yoke 100% cotton. Lining 48% cotton and 52% polyester.<\/p>\n<p class=\"p1\">Improved version: This model has 4 cm longer than the original pattern and with the new side pockets without zipper.<\/p>\n<p class=\"p1\">Lightweight, water-repellent, windproof fabric with extra lightness and feather resistance.<\/p>\n","protected":false},"excerpt":{"rendered":"<p class=\"p1\">The lightness made vest.<\/p>\n<p class=\"p1\">200 g. of real down DUVET<span class=\"s1\">\u00ae\ufe0f<\/span> for size 3. The rest of the sizes have padding proportional to their size.<\/p>\n<p class=\"p1\">Body in retro fabric in pink color, yoke in retro Denim fabric in blue color and inner lining in retro Pedro fabric in Blue color.<\/p>\n","protected":false},"featured_media":50662,"template":"","meta":[],"product_brand":[],"product_cat":[20],"product_tag":[],"class_list":{"0":"post-51277","1":"product","2":"type-product","3":"status-publish","4":"has-post-thumbnail","6":"product_cat-sin-categorizar","8":"first","9":"outofstock","10":"sale","11":"taxable","12":"shipping-taxable","13":"purchasable","14":"product-type-variable","15":"has-default-attributes"},"yoast_head":"<!-- This site is optimized with the Yoast SEO plugin v27.4 - https:\/\/yoast.com\/product\/yoast-seo-wordpress\/ -->\n<title>Retro Vest Pink Denim Blue - Pedro G\u00f3mez Madrid<\/title>\n<meta name=\"description\" content=\"El cl\u00e1sico chaleco de Pedro G\u00f3mez Madrid con combinaci\u00f3n retro espectacular de tejido rosa y denim azul. \u00a1Fabricado artesanalmente en Espa\u00f1a!\" \/>\n<meta name=\"robots\" content=\"index, follow, max-snippet:-1, max-image-preview:large, max-video-preview:-1\" \/>\n<link rel=\"canonical\" href=\"https:\/\/pedrogomezmadrid.com\/en\/tienda\/plumiferos\/retro-vest-pink-denim-blue\/\" \/>\n<meta property=\"og:locale\" content=\"en_US\" \/>\n<meta property=\"og:type\" content=\"article\" \/>\n<meta property=\"og:title\" content=\"Retro Vest Pink Denim Blue - Pedro G\u00f3mez Madrid\" \/>\n<meta property=\"og:description\" content=\"El cl\u00e1sico chaleco de Pedro G\u00f3mez Madrid con combinaci\u00f3n retro espectacular de tejido rosa y denim azul. \u00a1Fabricado artesanalmente en Espa\u00f1a!\" \/>\n<meta property=\"og:url\" content=\"https:\/\/pedrogomezmadrid.com\/en\/tienda\/plumiferos\/retro-vest-pink-denim-blue\/\" \/>\n<meta property=\"og:site_name\" content=\"Pedro G\u00f3mez Madrid\" \/>\n<meta property=\"article:modified_time\" content=\"2025-03-11T23:00:17+00:00\" \/>\n<meta property=\"og:image\" content=\"https:\/\/pedrogomezmadrid.com\/wp-content\/uploads\/2022\/05\/ChalecoRetroRosaDenim-Modelo.jpg\" \/>\n\t<meta property=\"og:image:width\" content=\"980\" \/>\n\t<meta property=\"og:image:height\" content=\"1120\" \/>\n\t<meta property=\"og:image:type\" content=\"image\/jpeg\" \/>\n<meta name=\"twitter:card\" content=\"summary_large_image\" \/>\n<meta name=\"twitter:label1\" content=\"Est. reading time\" \/>\n\t<meta name=\"twitter:data1\" content=\"1 minute\" \/>\n<script type=\"application\/ld+json\" class=\"yoast-schema-graph\">{\"@context\":\"https:\\\/\\\/schema.org\",\"@graph\":[{\"@type\":\"WebPage\",\"@id\":\"https:\\\/\\\/pedrogomezmadrid.com\\\/en\\\/tienda\\\/plumiferos\\\/retro-vest-pink-denim-blue\\\/\",\"url\":\"https:\\\/\\\/pedrogomezmadrid.com\\\/en\\\/tienda\\\/plumiferos\\\/retro-vest-pink-denim-blue\\\/\",\"name\":\"Retro Vest Pink Denim Blue - Pedro G\u00f3mez Madrid\",\"isPartOf\":{\"@id\":\"https:\\\/\\\/pedrogomezmadrid.com\\\/#website\"},\"primaryImageOfPage\":{\"@id\":\"https:\\\/\\\/pedrogomezmadrid.com\\\/en\\\/tienda\\\/plumiferos\\\/retro-vest-pink-denim-blue\\\/#primaryimage\"},\"image\":{\"@id\":\"https:\\\/\\\/pedrogomezmadrid.com\\\/en\\\/tienda\\\/plumiferos\\\/retro-vest-pink-denim-blue\\\/#primaryimage\"},\"thumbnailUrl\":\"https:\\\/\\\/pedrogomezmadrid.com\\\/wp-content\\\/uploads\\\/2022\\\/05\\\/ChalecoRetroRosaDenim-Modelo.jpg\",\"datePublished\":\"2022-05-20T17:42:57+00:00\",\"dateModified\":\"2025-03-11T23:00:17+00:00\",\"description\":\"El cl\u00e1sico chaleco de Pedro G\u00f3mez Madrid con combinaci\u00f3n retro espectacular de tejido rosa y denim azul. \u00a1Fabricado artesanalmente en Espa\u00f1a!\",\"breadcrumb\":{\"@id\":\"https:\\\/\\\/pedrogomezmadrid.com\\\/en\\\/tienda\\\/plumiferos\\\/retro-vest-pink-denim-blue\\\/#breadcrumb\"},\"inLanguage\":\"en-US\",\"potentialAction\":[{\"@type\":\"ReadAction\",\"target\":[\"https:\\\/\\\/pedrogomezmadrid.com\\\/en\\\/tienda\\\/plumiferos\\\/retro-vest-pink-denim-blue\\\/\"]}]},{\"@type\":\"ImageObject\",\"inLanguage\":\"en-US\",\"@id\":\"https:\\\/\\\/pedrogomezmadrid.com\\\/en\\\/tienda\\\/plumiferos\\\/retro-vest-pink-denim-blue\\\/#primaryimage\",\"url\":\"https:\\\/\\\/pedrogomezmadrid.com\\\/wp-content\\\/uploads\\\/2022\\\/05\\\/ChalecoRetroRosaDenim-Modelo.jpg\",\"contentUrl\":\"https:\\\/\\\/pedrogomezmadrid.com\\\/wp-content\\\/uploads\\\/2022\\\/05\\\/ChalecoRetroRosaDenim-Modelo.jpg\",\"width\":980,\"height\":1120},{\"@type\":\"BreadcrumbList\",\"@id\":\"https:\\\/\\\/pedrogomezmadrid.com\\\/en\\\/tienda\\\/plumiferos\\\/retro-vest-pink-denim-blue\\\/#breadcrumb\",\"itemListElement\":[{\"@type\":\"ListItem\",\"position\":1,\"name\":\"Portada\",\"item\":\"https:\\\/\\\/pedrogomezmadrid.com\\\/en\\\/\"},{\"@type\":\"ListItem\",\"position\":2,\"name\":\"Tienda\",\"item\":\"https:\\\/\\\/pedrogomezmadrid.com\\\/tienda\\\/\"},{\"@type\":\"ListItem\",\"position\":3,\"name\":\"Retro Vest Pink Denim Blue\"}]},{\"@type\":\"WebSite\",\"@id\":\"https:\\\/\\\/pedrogomezmadrid.com\\\/#website\",\"url\":\"https:\\\/\\\/pedrogomezmadrid.com\\\/\",\"name\":\"Pedro G\u00f3mez Madrid\",\"description\":\"Vuelve la leyenda de los mejores plum\u00edferos del mundo\",\"potentialAction\":[{\"@type\":\"SearchAction\",\"target\":{\"@type\":\"EntryPoint\",\"urlTemplate\":\"https:\\\/\\\/pedrogomezmadrid.com\\\/?s={search_term_string}\"},\"query-input\":{\"@type\":\"PropertyValueSpecification\",\"valueRequired\":true,\"valueName\":\"search_term_string\"}}],\"inLanguage\":\"en-US\"}]}<\/script>\n<!-- \/ Yoast SEO plugin. -->","yoast_head_json":{"title":"Retro Vest Pink Denim Blue - Pedro G\u00f3mez Madrid","description":"El cl\u00e1sico chaleco de Pedro G\u00f3mez Madrid con combinaci\u00f3n retro espectacular de tejido rosa y denim azul. \u00a1Fabricado artesanalmente en Espa\u00f1a!","robots":{"index":"index","follow":"follow","max-snippet":"max-snippet:-1","max-image-preview":"max-image-preview:large","max-video-preview":"max-video-preview:-1"},"canonical":"https:\/\/pedrogomezmadrid.com\/en\/tienda\/plumiferos\/retro-vest-pink-denim-blue\/","og_locale":"en_US","og_type":"article","og_title":"Retro Vest Pink Denim Blue - Pedro G\u00f3mez Madrid","og_description":"El cl\u00e1sico chaleco de Pedro G\u00f3mez Madrid con combinaci\u00f3n retro espectacular de tejido rosa y denim azul. \u00a1Fabricado artesanalmente en Espa\u00f1a!","og_url":"https:\/\/pedrogomezmadrid.com\/en\/tienda\/plumiferos\/retro-vest-pink-denim-blue\/","og_site_name":"Pedro G\u00f3mez Madrid","article_modified_time":"2025-03-11T23:00:17+00:00","og_image":[{"width":980,"height":1120,"url":"https:\/\/pedrogomezmadrid.com\/wp-content\/uploads\/2022\/05\/ChalecoRetroRosaDenim-Modelo.jpg","type":"image\/jpeg"}],"twitter_card":"summary_large_image","twitter_misc":{"Est. reading time":"1 minute"},"schema":{"@context":"https:\/\/schema.org","@graph":[{"@type":"WebPage","@id":"https:\/\/pedrogomezmadrid.com\/en\/tienda\/plumiferos\/retro-vest-pink-denim-blue\/","url":"https:\/\/pedrogomezmadrid.com\/en\/tienda\/plumiferos\/retro-vest-pink-denim-blue\/","name":"Retro Vest Pink Denim Blue - Pedro G\u00f3mez Madrid","isPartOf":{"@id":"https:\/\/pedrogomezmadrid.com\/#website"},"primaryImageOfPage":{"@id":"https:\/\/pedrogomezmadrid.com\/en\/tienda\/plumiferos\/retro-vest-pink-denim-blue\/#primaryimage"},"image":{"@id":"https:\/\/pedrogomezmadrid.com\/en\/tienda\/plumiferos\/retro-vest-pink-denim-blue\/#primaryimage"},"thumbnailUrl":"https:\/\/pedrogomezmadrid.com\/wp-content\/uploads\/2022\/05\/ChalecoRetroRosaDenim-Modelo.jpg","datePublished":"2022-05-20T17:42:57+00:00","dateModified":"2025-03-11T23:00:17+00:00","description":"El cl\u00e1sico chaleco de Pedro G\u00f3mez Madrid con combinaci\u00f3n retro espectacular de tejido rosa y denim azul. \u00a1Fabricado artesanalmente en Espa\u00f1a!","breadcrumb":{"@id":"https:\/\/pedrogomezmadrid.com\/en\/tienda\/plumiferos\/retro-vest-pink-denim-blue\/#breadcrumb"},"inLanguage":"en-US","potentialAction":[{"@type":"ReadAction","target":["https:\/\/pedrogomezmadrid.com\/en\/tienda\/plumiferos\/retro-vest-pink-denim-blue\/"]}]},{"@type":"ImageObject","inLanguage":"en-US","@id":"https:\/\/pedrogomezmadrid.com\/en\/tienda\/plumiferos\/retro-vest-pink-denim-blue\/#primaryimage","url":"https:\/\/pedrogomezmadrid.com\/wp-content\/uploads\/2022\/05\/ChalecoRetroRosaDenim-Modelo.jpg","contentUrl":"https:\/\/pedrogomezmadrid.com\/wp-content\/uploads\/2022\/05\/ChalecoRetroRosaDenim-Modelo.jpg","width":980,"height":1120},{"@type":"BreadcrumbList","@id":"https:\/\/pedrogomezmadrid.com\/en\/tienda\/plumiferos\/retro-vest-pink-denim-blue\/#breadcrumb","itemListElement":[{"@type":"ListItem","position":1,"name":"Portada","item":"https:\/\/pedrogomezmadrid.com\/en\/"},{"@type":"ListItem","position":2,"name":"Tienda","item":"https:\/\/pedrogomezmadrid.com\/tienda\/"},{"@type":"ListItem","position":3,"name":"Retro Vest Pink Denim Blue"}]},{"@type":"WebSite","@id":"https:\/\/pedrogomezmadrid.com\/#website","url":"https:\/\/pedrogomezmadrid.com\/","name":"Pedro G\u00f3mez Madrid","description":"Vuelve la leyenda de los mejores plum\u00edferos del mundo","potentialAction":[{"@type":"SearchAction","target":{"@type":"EntryPoint","urlTemplate":"https:\/\/pedrogomezmadrid.com\/?s={search_term_string}"},"query-input":{"@type":"PropertyValueSpecification","valueRequired":true,"valueName":"search_term_string"}}],"inLanguage":"en-US"}]}},"_links":{"self":[{"href":"https:\/\/pedrogomezmadrid.com\/en\/wp-json\/wp\/v2\/product\/51277","targetHints":{"allow":["GET"]}}],"collection":[{"href":"https:\/\/pedrogomezmadrid.com\/en\/wp-json\/wp\/v2\/product"}],"about":[{"href":"https:\/\/pedrogomezmadrid.com\/en\/wp-json\/wp\/v2\/types\/product"}],"wp:featuredmedia":[{"embeddable":true,"href":"https:\/\/pedrogomezmadrid.com\/en\/wp-json\/wp\/v2\/media\/50662"}],"wp:attachment":[{"href":"https:\/\/pedrogomezmadrid.com\/en\/wp-json\/wp\/v2\/media?parent=51277"}],"wp:term":[{"taxonomy":"product_brand","embeddable":true,"href":"https:\/\/pedrogomezmadrid.com\/en\/wp-json\/wp\/v2\/product_brand?post=51277"},{"taxonomy":"product_cat","embeddable":true,"href":"https:\/\/pedrogomezmadrid.com\/en\/wp-json\/wp\/v2\/product_cat?post=51277"},{"taxonomy":"product_tag","embeddable":true,"href":"https:\/\/pedrogomezmadrid.com\/en\/wp-json\/wp\/v2\/product_tag?post=51277"}],"curies":[{"name":"wp","href":"https:\/\/api.w.org\/{rel}","templated":true}]}}

<!-- This site is optimized with the Yoast SEO plugin v27.4 - https://yoast.com/product/yoast-seo-wordpress/ -->
<title>Retro Vest Pink Denim Blue - Pedro Gómez Madrid</title>
<meta name="description" content="El clásico chaleco de Pedro Gómez Madrid con combinación retro espectacular de tejido rosa y denim azul. ¡Fabricado artesanalmente en España!" />
<meta name="robots" content="index, follow, max-snippet:-1, max-image-preview:large, max-video-preview:-1" />
<link rel="canonical" href="https://pedrogomezmadrid.com/en/tienda/plumiferos/retro-vest-pink-denim-blue/" />
<meta property="og:locale" content="en_US" />
<meta property="og:type" content="article" />
<meta property="og:title" content="Retro Vest Pink Denim Blue - Pedro Gómez Madrid" />
<meta property="og:description" content="El clásico chaleco de Pedro Gómez Madrid con combinación retro espectacular de tejido rosa y denim azul. ¡Fabricado artesanalmente en España!" />
<meta property="og:url" content="https://pedrogomezmadrid.com/en/tienda/plumiferos/retro-vest-pink-denim-blue/" />
<meta property="og:site_name" content="Pedro Gómez Madrid" />
<meta property="article:modified_time" content="2025-03-11T23:00:17+00:00" />
<meta property="og:image" content="https://pedrogomezmadrid.com/wp-content/uploads/2022/05/ChalecoRetroRosaDenim-Modelo.jpg" />
	<meta property="og:image:width" content="980" />
	<meta property="og:image:height" content="1120" />
	<meta property="og:image:type" content="image/jpeg" />
<meta name="twitter:card" content="summary_large_image" />
<meta name="twitter:label1" content="Est. reading time" />
	<meta name="twitter:data1" content="1 minute" />
<script type="application/ld+json" class="yoast-schema-graph">{"@context":"https:\/\/schema.org","@graph":[{"@type":"WebPage","@id":"https:\/\/pedrogomezmadrid.com\/en\/tienda\/plumiferos\/retro-vest-pink-denim-blue\/","url":"https:\/\/pedrogomezmadrid.com\/en\/tienda\/plumiferos\/retro-vest-pink-denim-blue\/","name":"Retro Vest Pink Denim Blue - Pedro Gómez Madrid","isPartOf":{"@id":"https:\/\/pedrogomezmadrid.com\/#website"},"primaryImageOfPage":{"@id":"https:\/\/pedrogomezmadrid.com\/en\/tienda\/plumiferos\/retro-vest-pink-denim-blue\/#primaryimage"},"image":{"@id":"https:\/\/pedrogomezmadrid.com\/en\/tienda\/plumiferos\/retro-vest-pink-denim-blue\/#primaryimage"},"thumbnailUrl":"https:\/\/pedrogomezmadrid.com\/wp-content\/uploads\/2022\/05\/ChalecoRetroRosaDenim-Modelo.jpg","datePublished":"2022-05-20T17:42:57+00:00","dateModified":"2025-03-11T23:00:17+00:00","description":"El clásico chaleco de Pedro Gómez Madrid con combinación retro espectacular de tejido rosa y denim azul. ¡Fabricado artesanalmente en España!","breadcrumb":{"@id":"https:\/\/pedrogomezmadrid.com\/en\/tienda\/plumiferos\/retro-vest-pink-denim-blue\/#breadcrumb"},"inLanguage":"en-US","potentialAction":[{"@type":"ReadAction","target":["https:\/\/pedrogomezmadrid.com\/en\/tienda\/plumiferos\/retro-vest-pink-denim-blue\/"]}]},{"@type":"ImageObject","inLanguage":"en-US","@id":"https:\/\/pedrogomezmadrid.com\/en\/tienda\/plumiferos\/retro-vest-pink-denim-blue\/#primaryimage","url":"https:\/\/pedrogomezmadrid.com\/wp-content\/uploads\/2022\/05\/ChalecoRetroRosaDenim-Modelo.jpg","contentUrl":"https:\/\/pedrogomezmadrid.com\/wp-content\/uploads\/2022\/05\/ChalecoRetroRosaDenim-Modelo.jpg","width":980,"height":1120},{"@type":"BreadcrumbList","@id":"https:\/\/pedrogomezmadrid.com\/en\/tienda\/plumiferos\/retro-vest-pink-denim-blue\/#breadcrumb","itemListElement":[{"@type":"ListItem","position":1,"name":"Portada","item":"https:\/\/pedrogomezmadrid.com\/en\/"},{"@type":"ListItem","position":2,"name":"Tienda","item":"https:\/\/pedrogomezmadrid.com\/tienda\/"},{"@type":"ListItem","position":3,"name":"Retro Vest Pink Denim Blue"}]},{"@type":"WebSite","@id":"https:\/\/pedrogomezmadrid.com\/#website","url":"https:\/\/pedrogomezmadrid.com\/","name":"Pedro Gómez Madrid","description":"Vuelve la leyenda de los mejores plumíferos del mundo","potentialAction":[{"@type":"SearchAction","target":{"@type":"EntryPoint","urlTemplate":"https:\/\/pedrogomezmadrid.com\/?s={search_term_string}"},"query-input":{"@type":"PropertyValueSpecification","valueRequired":true,"valueName":"search_term_string"}}],"inLanguage":"en-US"}]}</script>
<!-- / Yoast SEO plugin. -->

Retro Vest Pink Denim Blue - Pedro Gómez Madrid

El clásico chaleco de Pedro Gómez Madrid con combinación retro espectacular de tejido rosa y denim azul. ¡Fabricado artesanalmente en España!

Pedro Gómez Madrid

Vuelve la leyenda de los mejores plumíferos del mundo
